8. Calculate w(-78).
-830
Let q(x) = 59*x + 467. What is q(-12)?
-241
Let x(c) = -c**2 - 13*c + 6078. Determine x(-84).
114
Let s(n) = 605*n**3 - 10*n**2 - 12*n. Determine s(-1).
-603
Let v(u) = -234*u + 10245. Give v(51).
-1689
Let o(y) = -2*y**3 + 62*y**2 - 94*y + 59. Give o(31).
-2855
Let a(w) = -521*w + 7155. Determine a(13).
382
Let x(k) = -k**2 + 18446*k - 55324. Determine x(3).
5
Let g(k) = -2376*k + 256592. Give g(108).
-16
Let u(j) = 501*j - 2529. What is u(5)?
-24
Let v(s) = s**2 - 5010*s + 49995. Calculate v(10).
-5
Let f(i) = 157*i**2 + 12857*i - 1363. Give f(-82).
31
Let w(q) = -5*q**2 - 153*q + 2736. Determine w(20).
-2324
Let u(p) = 186*p**2 + 1321*p - 69. Calculate u(-7).
-202
Let d(o) = -808*o**2 - 13119*o + 34. Give d(-16).
3090
Let a(h) = -173*h**2 + 1015*h - 214. Give a(6).
-352
Let a(r) = -1887*r + 47329. What is a(25)?
154
Let h(g) = 377305*g + 4. What is h(0)?
4
Let r(f) = -2*f**3 - 82*f**2 - 961*f - 2745. Calculate r(-15).
-30
Let p(x) = -x**2 + 65*x - 1034. What is p(43)?
-88
Let r(m) = 9*m**2 + 1993*m - 19970. What is r(10)?
860
Let g(d) = -117*d - 5772. Give g(-49).
-39
Let k(o) = o**2 - 413*o - 2012. Calculate k(418).
78
Let a(s) = s**3 + 21*s**2 + 126*s + 2617. Determine a(-21).
-29
Let d(b) = 56*b - 637. Calculate d(1).
-581
Let c(x) = 34*x + 322. Determine c(-8).
50
Let u(p) = -69923*p + 3496151. Calculate u(50).
1
Let b(h) = 4*h**3 - 649*h**2 - 510*h + 3155. What is b(163)?
-268
Let q(y) = -24*y**2 + 713*y - 5230. Determine q(15).
65
Let d(x) = -7751*x + 92994. Determine d(12).
-18
Let o(b) = -1512342*b + 22685137. What is o(15)?
7
Let s(c) = 3*c**2 + 1785*c + 12331. Determine s(-7).
-17
Let c(i) = 39*i**2 - 2257*i + 10110. Calculate c(53).
40
Let w(z) = -659*z - 34017. Determine w(-52).
251
Let a(b) = -1909*b - 26738. Calculate a(-14).
-12
Let w(c) = -7*c**2 - 2870*c + 11674. What is w(4)?
82
Let y(o) = -67*o**2 + 105*o + 39. Calculate y(2).
-19
Let l(a) = -4*a**3 - 8*a**2 + 126*a + 26. Give l(-12).
4274
Let s(p) = 16*p**2 + 50*p + 267. Determine s(-6).
543
Let z(l) = -l**3 + 71*l**2 + 227697*l - 2219. What is z(-443)?
-4
Let o(b) = -3*b**3 - 186*b**2 + 785*b - 110. Calculate o(-66).
352
Let d(s) = -3*s**2 - 62*s + 158. Calculate d(-23).
-3
Let y(n) = -n**3 + 2*n**2 - 77*n + 37. What is y(8)?
-963
Let m(r) = -23209*r - 208877. Give m(-9).
4
Let q(f) = -406*f + 4776. Give q(12).
-96
Let t(g) = -2*g**3 - 13*g**2 - 14*g + 168. Give t(3).
-45
Let w(g) = 11497*g + 11531499. What is w(-1003)?
8
Let x(p) = -6928*p + 92092. Calculate x(13).
2028
Let j(h) = h**2 - 2215*h + 278850. What is j(134)?
-4
Let u(o) = -5046*o + 135496. What is u(27)?
-746
Let u(j) = 2953*j + 50209. Determine u(-17).
8
Let o(z) = 17*z**2 - 210*z + 2179. Give o(8).
1587
Let l(m) = -5425*m + 130212. Calculate l(24).
12
Let r(d) = -d**3 - 74*d**2 - 902*d + 1521. What is r(-58)?
13
Let y(a) = a**2 + 205*a + 10293. What is y(-114)?
-81
Let h(k) = 1484*k - 507491. Calculate h(342).
37
Let y(f) = -2*f**3 - 24*f**2 + 126*f + 2359. Calculate y(-14).
1379
Let z(c) = 79*c**2 + 406*c + 810. Give z(-2).
314
Let d(s) = -5389*s**2 - 334115*s + 104. Calculate d(-62).
-82
Let s(b) = -511*b - 1234. Determine s(-3).
299
Let d(j) = -205381*j + 3696867. Determine d(18).
9
Let c(u) = -22*u**2 + 201*u - 134. Determine c(7).
195
Let o(h) = -4*h**3 + 187*h**2 - 246*h + 13792. Calculate o(47).
21
Let y(i) = -11566*i - 128736. Give y(-11).
-1510
Let j(u) = 187*u - 12744. What is j(65)?
-589
Let h(w) = -7322*w + 14014. Give h(2).
-630
Let p(o) = 7*o**3 - 194*o**2 - 406*o - 24. Give p(-2).
-44
Let k(g) = 3597756*g + 21586532. Determine k(-6).
-4
Let y(x) = 875*x - 12086. Calculate y(13).
-711
Let j(k) = -k**2 + 1286*k - 269048. Give j(263).
1
Let s(z) = 2717*z - 165431. Determine s(61).
306
Let b(f) = 5*f**2 + 407*f + 7441. Calculate b(-28).
-35
Let o(q) = -181*q + 15922. What is o(86)?
356
Let u(t) = 63*t**2 + 934*t - 4655. What is u(5)?
1590
Let u(i) = -2246*i**2 - 8932*i + 133. Determine u(-4).
-75
Let r(k) = 367*k - 26534. What is r(71)?
-477
Let i(b) = 86*b**3 + 4*b**2 + 39*b - 90. Give i(2).
692
Let c(x) = -x**3 - 23*x**2 + 129*x + 2009. Calculate c(-7).
322
Let v(y) = 2481*y + 27946. Calculate v(-11).
655
Let p(a) = -4505*a + 23798. Calculate p(6).
-3232
Let y(h) = -3*h**2 + 2299*h + 20709. Calculate y(-9).
-225
Let v(s) = -4370*s + 4722. Calculate v(1).
352
Let w(o) = o**2 + 165*o + 6806. Calculate w(-81).
2
Let q(r) = -11*r**3 + 69*r**2 - 88*r + 297. Give q(6).
-123
Let l(u) = -14*u**2 - 58*u + 396. Calculate l(6).
-456
Let p(t) = -3372*t + 94439. Determine p(28).
23
Let a(x) = -467*x**2 + 2000*x - 1754. Determine a(3).
43
Let u(t) = -3*t**3 - 17*t**2 - 389*t - 2361. Calculate u(-6).
9
Let w(d) = 2108*d - 10859. Determine w(5).
-319
Let v(p) = p**2 + 233*p + 1838. Calculate v(-229).
922
Let w(b) = -404*b**2 - 5251*b + 6. Determine w(-13).
-7
Let c(h) = -h**3 - 143*h**2 - 382*h + 61. What is c(-140)?
-5259
Let z(l) = -831*l**2 - 58172*l - 240. Give z(-70).
-100
Let l(u) = 14*u**3 + 32*u**2 + 9*u. Calculate l(-3).
-117
Let f(u) = -u**3 - 58*u**2 + 26*u - 1955. Determine f(-59).
-8
Let f(p) = 6*p**2 - 15*p + 23. Calculate f(7).
212
Let g(y) = -124*y**2 + 126*y - 584. Calculate g(6).
-4292
Let t(c) = 18*c**3 + 2537*c**2 - 170*c + 174. What is t(-141)?
4263
Let q(b) = 27304*b + 1010291. What is q(-37)?
43
Let o(t) = 2803*t + 16823. Determine o(-6).
5
Let m(f) = 7608*f + 37824. Determine m(-5).
-216
Let y(k) = -5*k**2 - 1768*k - 11457. What is y(-347)?
-6
Let o(k) = -k**3 - 117*k**2 - 154*k - 18044. Determine o(-117).
-26
Let j(a) = -a**2 - 14480*a + 115921. Calculate j(8).
17
Let h(s) = 2*s**2 - 2*s - 3777. What is h(43)?
-165
Let k(r) = 6*r**3 + 533*r**2 - 93*r - 681. What is k(-89)?
-325
Let m(w) = -18*w**2 + 70585*w - 70584. Give m(1).
-17
Let v(t) = 2*t**3 + 783*t**2 + 23011*t + 30. Calculate v(-32).
-66
Let x(o) = -o**3 + 1903*o + 7516. Give x(-4).
-32
Let z(w) = w**2 + 72*w - 10066. Give z(-143).
87
Let f(b) = 372743*b - 1863718. Determine f(5).
-3
Let f(n) = -253*n**2 + 19986*n + 41. Calculate f(79).
-38
Let u(m) = -m**2 - 904*m - 197874. Calculate u(-372).
30
Let o(r) = -2*r**3 - 10*r**2 - 9*r - 889. Give o(-12).
1235
Let b(j) = j**2 + 106*j - 6051. What is b(-141)?
-1116
Let h(u) = -2952*u - 147883. What is h(-50)?
-283
Let r(j) = 34*j - 564. Give r(17).
14
Let j(o) = 10722*o - 1200939. Give j(112).
-75
Let w(n) = 2*n**2 + 130*n - 5253. Give w(43).
4035
Let n(l) = l**3 - 525*l**2 - 2654*l - 1. Determine n(-5).
19
Let m(y) = 13472*y + 350514. Give m(-26).
242
Let u(y) = -106*y**2 - 6042*y + 72. Give u(-57).
72
Let v(z) = z**3 - 19*z**2 + 87*z - 95. What is v(13)?
22
Let j(x) = -3*x**3 - 5*x**2 + 54*x + 11. Give j(-9).
1307
Let n(y) = y**3 + 18*y**2 - 40*y + 14. Determine n(-20).
14
Let k(q) = 3*q**2 + 172*q + 1176. Give k(-39).
-969
Let w(v) = -383*v + 1551. What is w(4)?
19
Let i(o) = o**2 + 11519*o - 392765. Determine i(34).
37
Let d(x) = -71*x**2 - 1710*x - 4627. What is d(-21)?
-28
Let i(m) = m**2 - 201*m + 9782. Calculate i(124).
234
Let v(p) = p**3 - 20*p**2 - 33*p + 440. Calculate v(18).
-802
Let n(y) = -5*y**2 - 550*y + 10786. What is n(21)?
-2969
Let h(a) = 10816*a**2 + 1092418*a + 126. What is h(-101)?
-76
Let o(z) = 88*z + 1390. What is o(-35)?
-1690
Let g(f) = -56777*f + 113517. Determine g(2).
-37
Let g(m) = m**2 + 2685*m - 281399. Determine g(101).
-13
Let j(r) = 793*r**3 - 7*r**2 + 2*r - 3. Calculate j(1).
785
Let i(p) = 2*p**2 - 151*p - 47248. Calculate i(196).
-12
Let z(d) = 47388*d + 4738802. What is z(-100)?
2
Let l(n) = 23422*n + 140425. Determine l(-6).
-107
Let d(z) = -22406*z + 336082. Give d(15).
-8
Let i(c) = -c**3 + 197*c**2 - 7987*c + 325. Determine i(140).
-655
Let i(a) = -5640*a + 1906225. Calculate i(338).
-95
Let v(w) = 375*w + 157119. What is v(-419)?
-6
Let i(v) = 390353*v - 3122831. Give i(8).
-7
Let f(n) = n**3 - 85*n**2 - 68*n - 1652. Give f(86).
-104
Let v(o) = 19*o**2 - 115*o + 239. Give v(3).
65
Let h(i) = -3*i**3 + 453*i**2 - 1766*i + 394. What is h(147)?
100
Let h(y) = -188*y - 23975. Determine h(-127).
-99
Let p(q) = -5709*q - 22517. Give p(-4).
319
Let a(i) = 2*i**2 + 85*i + 287. Give a(-58).
2085
Let r(c) = 201*c**2 + 15066*c - 685. Give r(-75).
-10
Let g(f) = 6*f**3 + 696*f**2 - 14*f - 1655. Determine g(-116).
-3